- q = -14. Determine w(u).
2
Let n(p) = -p**2 - 10*p + 1. Let i be n(-10). Suppose 4*v + 7 = 3. Let l(a) = 1. Let o(d) = -2*d - 8. Let t(b) = v*o(b) - 8*l(b). Give t(i).
2
Let a be (-6)/(-4) - (-84)/(-24). Let w(p) = -p**2 - 3*p - 1. What is w(a)?
1
Let i(v) be the first derivative of v**2/2 + 3*v + 2. Suppose 2*j - 4*m + 16 = 0, -j = 3*m - 7 - 0. Calculate i(j).
1
Let w(a) = -4*a - 3. Let z(s) = 2*s + 6. Let d(g) = g + 4. Let p(t) = 7*d(t) - 5*z(t). Let k(v) = -5*p(v) + 4*w(v). Calculate k(4).
-6
Let p = -72 - -72. Let q be 60/14 + (-4)/14. Let b(z) = -5 + q - 7*z**3 + p*z**3. Determine b(1).
-8
Let u(w) = 2 + 16*w - 17*w - 1. Determine u(-5).
6
Let x(y) = 5*y**2 - 8*y + 6. Let s(n) = -2*n**2. Let i(t) = 3*s(t) + x(t). What is i(-9)?
-3
Let q(a) = -a**3 - 3*a**2 + 4*a - 5. Let y be (-8)/(-28) - 6/21. Let v be y + 2 + -5 + -1. What is q(v)?
-5
Let y(o) = -2 + 2 + 8*o - 9*o. Let z be (-1)/2*(-1 + 3). Give y(z).
1
Let f be (-2 + 5)/(6/(-8)). Let h = 17 - 14. Let v(k) = 13 - 6 - 6 + h*k - k**3 - 3*k**2. Give v(f).
5
Let m(x) = x - 6. Let r be m(8). Let d = 5 - r. Let h(p) = -13 - 8 + p - 4*p**2 + 3*p**2 + 20. Calculate h(d).
-7
Let z(d) = d**3 - 5*d**2 - 3. Suppose 53*l - 52*l = 3. Calculate z(l).
-21
Let l be (-28)/(-6) - 2/(-6). Let k = -8 + l. Let o(u) = 2*u**2 + 3*u - 3. Give o(k).
6
Let i(b) = -2*b**3 - b**2 + 2*b + 1. Let m = 13 - 15. Determine i(m).
9
Let m be (-1 - -3) + 56/(-7). Let t(j) = 2*j + 9. Calculate t(m).
-3
Suppose -4*k - 3*g = 16, -k + g - 3 = -6. Let t(r) = -18*r**2 + 14*r - 17. Let b(w) = -6*w**2 + 5*w - 6. Let u(f) = -17*b(f) + 6*t(f). Determine u(k).
-5
Let g(i) = -i. Let n(z) = -z**2 - 2*z + 2. Let r(u) = -u**2 - 4*u + 3. Let c(v) = -5*n(v) + 3*r(v). Let l(f) = 2*c(f) - 2*g(f). Give l(2).
10
Let g(u) = 0 + u + 0*u - 1. Let j = 6 - 9. Calculate g(j).
-4
Let r(n) = -5*n - 3. Let t(j) = 6*j + 4. Let y(z) = -4*r(z) - 3*t(z). Give y(2).
4
Let d(u) = -12*u + 6*u - 2 - 2. Give d(-3).
14
Let r be -1 - (2 - (-3)/3). Let v(q) = q. Let n(a) = 6*a + 3. Let f(m) = n(m) - 5*v(m). Determine f(r).
-1
Let n = 7 - 5. Let m(v) = -v - 1. Let z(y) = -6. Let i(j) = 3*m(j) - z(j). Give i(n).
-3
Let s(z) be the third derivative of z**4/24 - z**3/2 + 2*z**2. Let h be s(3). Let t(r) be the third derivative of -r**4/24 - r**3/2 + 3*r**2. Give t(h).
-3
Let r(b) = 7*b**2 + 5*b - 7. Let z(m) = 8*m**2 + 5*m - 7. Let h(n) = -7*r(n) + 6*z(n). What is h(-6)?
1
Let j(g) = -10. Let i(x) = x. Let c(k) = -2*k + 9. Let p(r) = -c(r) - 3*i(r). Let d(a) = -6*j(a) + 7*p(a). What is d(-2)?
11
Let v(y) be the first derivative of -7*y**2 - 2*y + 6*y**2 - 1 + 0*y**2. Give v(4).
-10
Let b(m) = -2*m**2 - 3*m + 4. Let v = -3 - 0. Calculate b(v).
-5
Let f be (3/(-6))/((-2)/(-12)). Let g be 0 + 5/(5/2). Let w(x) = -2*x - 4. Let r(z) = -z - 2. Let i(m) = g*w(m) - 5*r(m). What is i(f)?
-1
Suppose -1 = -o + 2. Let i(f) = 0*f - f - 4 + 2 + o. What is i(-3)?
4
Let u(i) = -2*i**2 + 5*i - 7. Let d(p) = -3*p**2 + 5*p - 7. Let x(k) = 3*d(k) - 4*u(k). Determine x(-5).
7
Let c = 2 + -2. Let l(b) = -2*b**2 + 1 + 0 - b + b**2 + c. Determine l(-1).
1
Let y(w) = -26*w - 1 - 18*w + 36*w. What is y(2)?
-17
Suppose 2*v - 3*i = 2*i + 2, -5*v + i = -5. Let y(c) = -5 - 13*c + 5*c + 4. What is y(v)?
-9
Let q(m) = -2*m**3 + 3*m**2 - 5*m + 7. Let l(x) = -3*x**3 + 4*x**2 - 7*x + 11. Let c(v) = 5*l(v) - 7*q(v). Determine c(0).
6
Let d(z) = 11*z**3 + 31*z**2 - 5*z + 13. Let r(s) = 5*s**3 + 15*s**2 - 3*s + 6. Let w(y) = 6*d(y) - 13*r(y). Calculate w(8).
8
Let z(n) be the third derivative of n**6/720 - n**5/10 + n**4/24 - 5*n**2. Let w(q) be the second derivative of z(q). Determine w(5).
-7
Let n(f) = -f**3 + 7*f**2 + 2. Let y be n(7). Suppose 7*i - 5 = y*i. Let a(d) = -9*d + 1. Let z(h) = -h. Let x(u) = a(u) - 3*z(u). What is x(i)?
-5
Let q(p) be the first derivative of p**2 - 1. Let c(l) = -l**2 + 7*l - 9. Let x be c(6). Determine q(x).
-6
Let f = 11 - 12. Let r(x) = -x**3 + 6*x**2 + 6*x - 8. Let m(v) = v**2 - v + 1. Let u(y) = f*r(y) + m(y). Determine u(6).
3
Let g = 11 - 6. Let u = 2 - g. Let b(w) = -w**2 + 3. Give b(u).
-6
Let c = -10 + 12. Let x(h) = 0 + 3*h + 1 - c*h - h**3 - 4 + 3*h**2. Let k(v) = v - 3. Let d be k(6). What is x(d)?
0
Let y(c) = 6*c**3 - 4*c**3 + 3*c + 2*c**2 - c**3. Suppose -14*b = -16*b + 4. Let i = -4 + b. Calculate y(i).
-6
Let j(c) = -c**2 - 9*c + 8. Let i(b) = -2*b**2 - 10*b + 8. Let z(a) = -2*i(a) + 3*j(a). Give z(6).
2
Suppose 4*q = 5*g - 28, 0*q = 2*q - 3*g + 16. Let h(b) = -b**3 + 2*b + 3. Calculate h(q).
7
Let x(q) = q**2 - 4*q + 3. Let u(k) = k - 1. Let y be (-35)/14*(-2)/5. Let o(g) = y*x(g) + 6*u(g). Determine o(-3).
0
Let l(s) = -8*s**2 - 13*s + 21. Let z(y) = -3*y**2 - 4*y + 7. Let b(m) = -4*l(m) + 11*z(m). Determine b(6).
5
Suppose -s + 23 = -3*l, -l = -s + l + 23. Suppose v + 5 + 0 = 0, -5*v = -o + s. Let c = o + 1. Let r(j) = -3*j**3 - 2*j - 1. Calculate r(c).
4
Let f(l) be the first derivative of -l**3/2 + 7*l**2/2 - 4*l + 3. Let d(g) be the first derivative of f(g). Calculate d(5).
-8
Suppose 0 - 2 = -n. Let j(r) = -4*r + 3. Calculate j(n).
-5
Let s(h) be the first derivative of -h**2 - 3*h - 1. Let x = -30 + 56. Suppose 6 = 4*n - 3*d + x, -4*n + 4*d - 24 = 0. What is s(n)?
1
Let y(c) = 3*c - c + 0 + 5 - 3*c. Let t(z) = -z + 4. Let o(k) = -4*t(k) + 3*y(k). What is o(-3)?
-4
Let c(z) = 2*z**2 + 3*z + 1. Let m be c(-2). Suppose y + 1 + m = 0. Let l(h) = 3*h + 5. Give l(y).
-7
Let u be (3 + -3 - -3)/(8/4). Let j(f) be the first derivative of 2 - u*f**2 + 6*f. Give j(4).
-6
Suppose -5*x - 4*f + 30 = -0*f, -5*f + 18 = 3*x. Let y(w) = w**3 - 5*w**2 - 3*w - 8. Calculate y(x).
10
Suppose 0*j = 2*j + 10, -4*p + 4*j = -44. Let k(d) = d**3 + 5*d**2 + 5*d + 6. Let t be k(-4). Let w(a) = -p*a - 7*a**t + 0 + 8*a**2 + 2 + 1. Determine w(5).
-2
Let x(w) = -4*w**3 + 19*w**2 - 16*w + 5. Let a(v) = 3*v**3 - 13*v**2 + 11*v - 3. Let i(s) = 7*a(s) + 5*x(s). What is i(-5)?
-6
Let u(a) be the third derivative of a**7/2520 + a**6/120 - a**5/30 + a**4/24 - 3*a**2. Let p(f) be the second derivative of u(f). Calculate p(-5).
-9
Let y be 7 + (-3)/(-6)*(-12)/6. Let a(s) = -s**2 + 6*s - 9. Give a(y).
-9
Let b(v) = v**2 - 2*v. Suppose 0*u + 2*g = -2*u - 8, 0 = 3*u - g - 4. Suppose -z = l - 6, 4*l + z - 10 - 2 = u. Determine b(l).
0
Let i = 17 + -7. Let n be 10*(1 + (-6)/i). Let o = n - 2. Let m(h) = h**2 - h. Calculate m(o).
2
Let u be (-4)/6*(-1 + -2). Let i(l) = -l**u + 1 - 4*l**3 - l + 3*l - l. What is i(-1)?
3
Let t = -18 - -20. Let b(x) = -2*x - 1. Calculate b(t).
-5
Let g(y) = y + 1 - 5 - 3. What is g(5)?
-2
Let j(b) = -b + 4. Let p be j(0). Let m(d) = -d. Let g(l) = -7 - 10 + 18. Let t(h) = p*g(h) - m(h). Calculate t(-4).
0
Let s(y) = -y**3 - 5*y**2 + y - 5. Let b be -1 - (442/119 + (-2)/(-7)). Calculate s(b).
-10
Let p(l) = -l**3 - 8*l**2 + l + 10. Let z be p(-8). Suppose -3*s = -s - 5*o - 6, 4*s = z*o + 12. Let g(u) = u**3 - 2*u**2 - 2*u - 3. Give g(s).
0
Let k(z) be the second derivative of -z**4/6 - 2*z**3/3 + z**2/2 + 2*z. Let t = 3 - 1. Let p = t - 5. Calculate k(p).
-5
Suppose 2*t + 4*k = -10, 2*t = -t - 2*k - 3. Let n(p) = -2 - 3*p + 3 + 2*p + t. Let x be ((-16)/6)/((-6)/9). Determine n(x).
-2
Let v = -1 - -4. Let f(t) = -v*t + 4*t + 3 + 2*t - t**2. What is f(4)?
-1
Let l(q) be the third derivative of -1/120*q**6 - 3*q**2 - 1/24*q**4 + 0*q + 1/2*q**3 + 0 + 1/15*q**5. What is l(4)?
-1
Let x = -19 + 23. Let q(f) = f**2 - 3*f - 1. What is q(x)?
3
Let o(u) = -u**3 + u**2 - 4*u - 3. Let h(c) = -c**3 + c**2 - 5*c - 4. Let y(z) = 2*h(z) - 3*o(z). What is y(-2)?
-15
Let c(i) be the first derivative of i**5/60 + i**4/6 - i**3/6 + i**2/2 + 3. Let f(w) be the second derivative of c(w). What is f(-2)?
-5
Let s(a) = a**3 - 10*a**2 + 2*a - 15. Let y be s(10). Suppose -2*t + y = -t. Suppose -t*z = -16 + 41. Let k(d) = -d**2 - 5*d + 4. What is k(z)?
4
Let r(o) = -4*o - 2. Let d(p) = -7*p - 3. Let j(q) = 3*d(q) - 5*r(q). Let w(l) = l - 1. Let g be w(5). Calculate j(g).
-3
Let u(b) = -b**3 - 8*b**2 - 6*b + 7. Let p be u(-7). Let t(h) = p*h - 5*h + 3 + 7*h. Calculate t(-6).
-9
Let q(b) = 395 - 18*b**3 - 194 - 200. What is q(1)?
-17
Let w(y) = 17*y - 11. Let j(x) = 8*x - 5. Let l(h) = 7*j(h) - 3*w(h). Give l(-3).
-17
Let a(j) = j + 36 - 15 - 21. Determine a(-5).
-5
Let d(l) = 3 - 16*l**3